{"id":10,"date":"2025-06-29T15:48:12","date_gmt":"2025-06-29T15:48:12","guid":{"rendered":"https:\/\/galerie.labedelo.com\/?page_id=10"},"modified":"2025-12-05T15:17:37","modified_gmt":"2025-12-05T15:17:37","slug":"home","status":"publish","type":"page","link":"https:\/\/galerie.labedelo.com\/","title":{"rendered":"Home"},"content":{"rendered":"<div id=\"cs-content\" class=\"cs-content\"><div class=\"x-section e10-e1 ma-0\"><div class=\"x-row e10-e2 ma-6 ma-7\"><div class=\"x-row-inner\"><div class=\"x-col e10-e3 ma-8\"><div class=\"x-div e10-e4 ma-9 ma-a ma-b ma-c ma-d ma-e\"><div class=\"x-slide-container-viewport is-loading e10-e5 ma-n\" data-x-slide-container=\"{&quot;keyboardNavigation&quot;:true,&quot;autoplayStartInView&quot;:true,&quot;startingSlide&quot;:1,&quot;enter&quot;:&quot;fade&quot;,&quot;exit&quot;:&quot;fade&quot;,&quot;swipe&quot;:&quot;&quot;,&quot;autoplay&quot;:&quot;interval&quot;,&quot;stacked&quot;:true}\"><div class=\"x-slide-container-content\"><div class=\"x-slide-container is-stacked\"><div class=\"x-slide e10-e6 ma-o ma-p\" data-x-slide=\"\"><div class=\"x-bg\" aria-hidden=\"true\"><div class=\"x-bg-layer-lower-image\"><\/div><div class=\"x-bg-layer-upper-color\"><\/div><\/div><\/div><div class=\"x-slide e10-e7 ma-o ma-q\" data-x-slide=\"\"><div class=\"x-bg\" aria-hidden=\"true\"><div class=\"x-bg-layer-lower-image\"><\/div><div class=\"x-bg-layer-upper-color\"><\/div><\/div><\/div><div class=\"x-slide e10-e8 ma-o ma-r\" data-x-slide=\"\"><div class=\"x-bg\" aria-hidden=\"true\"><div class=\"x-bg-layer-lower-image\"><\/div><div class=\"x-bg-layer-upper-color\"><\/div><\/div><\/div><div class=\"x-slide e10-e9 ma-o ma-s\" data-x-slide=\"\"><div class=\"x-bg\" aria-hidden=\"true\"><div class=\"x-bg-layer-lower-image\"><\/div><div class=\"x-bg-layer-upper-color\"><\/div><\/div><\/div><div class=\"x-slide e10-e10 ma-o ma-t\" data-x-slide=\"\"><div class=\"x-bg\" aria-hidden=\"true\"><div class=\"x-bg-layer-lower-image\"><\/div><div class=\"x-bg-layer-upper-color\"><\/div><\/div><\/div><\/div><\/div><\/div><\/div><div class=\"x-div e10-e11 ma-9 ma-b ma-c ma-e ma-f ma-g ma-h ma-i\"><div class=\"x-div e10-e12 ma-9 ma-b ma-d ma-f ma-g ma-i ma-j ma-k\"><div class=\"x-div e10-e13 ma-9 ma-d ma-e ma-f ma-j ma-l ma-m\"><div class=\"x-text x-text-headline e10-e14 ma-u ma-v ma-1 ma-2 ma-3 x-effect-exit\" data-x-effect=\"{&quot;scroll&quot;:true,&quot;offsetTop&quot;:&quot;10%&quot;,&quot;offsetBottom&quot;:&quot;10%&quot;,&quot;behaviorScroll&quot;:&quot;fire-once&quot;}\"><div class=\"x-text-content\"><div class=\"x-text-content-text\"><h1 class=\"x-text-content-text-primary\">galerie<\/h1>\n<\/div><\/div><\/div><div class=\"x-text x-text-headline e10-e15 ma-u ma-w ma-2 ma-4 x-effect-exit\" data-x-effect=\"{&quot;scroll&quot;:true,&quot;offsetTop&quot;:&quot;10%&quot;,&quot;offsetBottom&quot;:&quot;10%&quot;,&quot;behaviorScroll&quot;:&quot;fire-once&quot;}\"><div class=\"x-text-content\"><div class=\"x-text-content-text\"><h1 class=\"x-text-content-text-primary\">labedelo<\/h1>\n<\/div><\/div><\/div><\/div><div class=\"x-div e10-e16 ma-9 ma-d ma-e ma-f ma-g ma-j ma-m ma-2 ma-3 ma-5 x-effect-exit\" data-x-effect=\"{&quot;scroll&quot;:true,&quot;offsetTop&quot;:&quot;10%&quot;,&quot;offsetBottom&quot;:&quot;10%&quot;,&quot;behaviorScroll&quot;:&quot;fire-once&quot;}\"><div class=\"x-text x-content e10-e17 ma-x\"><p>40 rue L\u00e9on Bourgeois <br \/>\n13001 Marseille<\/p><\/div><a class=\"x-anchor x-anchor-button has-graphic e10-e18 ma-y\" tabindex=\"0\" href=\"mailto:genevieve@labedelo.com\" target=\"_blank\" rel=\"noopener noreferrer\"><div class=\"x-anchor-content\"><span class=\"x-graphic\" aria-hidden=\"true\"><i class=\"x-icon x-graphic-child x-graphic-icon x-graphic-primary\" aria-hidden=\"true\" data-x-icon-l=\"&#xf0e0;\"><\/i><\/span><\/div><\/a><\/div><\/div><\/div><\/div><\/div><\/div><\/div><\/div>\n","protected":false},"excerpt":{"rendered":"<p>galerie labedelo 40 rue L\u00e9on Bourgeois 13001 Marseille<\/p>\n","protected":false},"author":2,"featured_media":0,"parent":0,"menu_order":0,"comment_status":"closed","ping_status":"closed","template":"template-blank-6.php","meta":{"footnotes":""},"class_list":["post-10","page","type-page","status-publish","hentry","no-post-thumbnail"],"yoast_head":"<!-- This site is optimized with the Yoast SEO plugin v26.2 - https:\/\/yoast.com\/wordpress\/plugins\/seo\/ -->\n<title>Galerie Labedelo<\/title>\n<meta name=\"description\" content=\"Galerie d&#039;art dans quartier des R\u00e9form\u00e9s au coeur de Marseille. Gravures, peintures, dessins. G\u00e9r\u00e9e par Genevieve Nicholl.\" \/>\n<meta name=\"robots\" content=\"index, follow, max-snippet:-1, max-image-preview:large, max-video-preview:-1\" \/>\n<link rel=\"canonical\" href=\"https:\/\/galerie.labedelo.com\/\" \/>\n<meta property=\"og:locale\" content=\"en_US\" \/>\n<meta property=\"og:type\" content=\"article\" \/>\n<meta property=\"og:title\" content=\"Galerie Labedelo\" \/>\n<meta property=\"og:description\" content=\"Galerie d&#039;art dans quartier des R\u00e9form\u00e9s au coeur de Marseille. Gravures, peintures, dessins. G\u00e9r\u00e9e par Genevieve Nicholl.\" \/>\n<meta property=\"og:url\" content=\"https:\/\/galerie.labedelo.com\/\" \/>\n<meta property=\"og:site_name\" content=\"Galerie Labedelo\" \/>\n<meta property=\"article:modified_time\" content=\"2025-12-05T15:17:37+00:00\" \/>\n<meta name=\"twitter:card\" content=\"summary_large_image\" \/>\n<meta name=\"twitter:label1\" content=\"Est. reading time\" \/>\n\t<meta name=\"twitter:data1\" content=\"1 minute\" \/>\n<script type=\"application\/ld+json\" class=\"yoast-schema-graph\">{\"@context\":\"https:\/\/schema.org\",\"@graph\":[{\"@type\":\"WebPage\",\"@id\":\"https:\/\/galerie.labedelo.com\/\",\"url\":\"https:\/\/galerie.labedelo.com\/\",\"name\":\"Galerie Labedelo\",\"isPartOf\":{\"@id\":\"https:\/\/galerie.labedelo.com\/#website\"},\"datePublished\":\"2025-06-29T15:48:12+00:00\",\"dateModified\":\"2025-12-05T15:17:37+00:00\",\"description\":\"Galerie d'art dans quartier des R\u00e9form\u00e9s au coeur de Marseille. Gravures, peintures, dessins. G\u00e9r\u00e9e par Genevieve Nicholl.\",\"breadcrumb\":{\"@id\":\"https:\/\/galerie.labedelo.com\/#breadcrumb\"},\"inLanguage\":\"en-US\",\"potentialAction\":[{\"@type\":\"ReadAction\",\"target\":[\"https:\/\/galerie.labedelo.com\/\"]}]},{\"@type\":\"BreadcrumbList\",\"@id\":\"https:\/\/galerie.labedelo.com\/#breadcrumb\",\"itemListElement\":[{\"@type\":\"ListItem\",\"position\":1,\"name\":\"Home\",\"item\":\"https:\/\/galerie.labedelo.com\/\"},{\"@type\":\"ListItem\",\"position\":2,\"name\":\"Home\"}]},{\"@type\":\"WebSite\",\"@id\":\"https:\/\/galerie.labedelo.com\/#website\",\"url\":\"https:\/\/galerie.labedelo.com\/\",\"name\":\"Galerie Labedelo\",\"description\":\"\",\"publisher\":{\"@id\":\"https:\/\/galerie.labedelo.com\/#organization\"},\"potentialAction\":[{\"@type\":\"SearchAction\",\"target\":{\"@type\":\"EntryPoint\",\"urlTemplate\":\"https:\/\/galerie.labedelo.com\/?s={search_term_string}\"},\"query-input\":{\"@type\":\"PropertyValueSpecification\",\"valueRequired\":true,\"valueName\":\"search_term_string\"}}],\"inLanguage\":\"en-US\"},{\"@type\":\"Organization\",\"@id\":\"https:\/\/galerie.labedelo.com\/#organization\",\"name\":\"Galerie Labedelo - Genevieve Nicholl\",\"url\":\"https:\/\/galerie.labedelo.com\/\",\"logo\":{\"@type\":\"ImageObject\",\"inLanguage\":\"en-US\",\"@id\":\"https:\/\/galerie.labedelo.com\/#\/schema\/logo\/image\/\",\"url\":\"https:\/\/galerie.labedelo.com\/wp-content\/uploads\/2025\/07\/labedelo-logo.jpg\",\"contentUrl\":\"https:\/\/galerie.labedelo.com\/wp-content\/uploads\/2025\/07\/labedelo-logo.jpg\",\"width\":1000,\"height\":1000,\"caption\":\"Galerie Labedelo - Genevieve Nicholl\"},\"image\":{\"@id\":\"https:\/\/galerie.labedelo.com\/#\/schema\/logo\/image\/\"}}]}<\/script>\n<!-- \/ Yoast SEO plugin. -->","yoast_head_json":{"title":"Galerie Labedelo","description":"Galerie d'art dans quartier des R\u00e9form\u00e9s au coeur de Marseille. Gravures, peintures, dessins. G\u00e9r\u00e9e par Genevieve Nicholl.","robots":{"index":"index","follow":"follow","max-snippet":"max-snippet:-1","max-image-preview":"max-image-preview:large","max-video-preview":"max-video-preview:-1"},"canonical":"https:\/\/galerie.labedelo.com\/","og_locale":"en_US","og_type":"article","og_title":"Galerie Labedelo","og_description":"Galerie d'art dans quartier des R\u00e9form\u00e9s au coeur de Marseille. Gravures, peintures, dessins. G\u00e9r\u00e9e par Genevieve Nicholl.","og_url":"https:\/\/galerie.labedelo.com\/","og_site_name":"Galerie Labedelo","article_modified_time":"2025-12-05T15:17:37+00:00","twitter_card":"summary_large_image","twitter_misc":{"Est. reading time":"1 minute"},"schema":{"@context":"https:\/\/schema.org","@graph":[{"@type":"WebPage","@id":"https:\/\/galerie.labedelo.com\/","url":"https:\/\/galerie.labedelo.com\/","name":"Galerie Labedelo","isPartOf":{"@id":"https:\/\/galerie.labedelo.com\/#website"},"datePublished":"2025-06-29T15:48:12+00:00","dateModified":"2025-12-05T15:17:37+00:00","description":"Galerie d'art dans quartier des R\u00e9form\u00e9s au coeur de Marseille. Gravures, peintures, dessins. G\u00e9r\u00e9e par Genevieve Nicholl.","breadcrumb":{"@id":"https:\/\/galerie.labedelo.com\/#breadcrumb"},"inLanguage":"en-US","potentialAction":[{"@type":"ReadAction","target":["https:\/\/galerie.labedelo.com\/"]}]},{"@type":"BreadcrumbList","@id":"https:\/\/galerie.labedelo.com\/#breadcrumb","itemListElement":[{"@type":"ListItem","position":1,"name":"Home","item":"https:\/\/galerie.labedelo.com\/"},{"@type":"ListItem","position":2,"name":"Home"}]},{"@type":"WebSite","@id":"https:\/\/galerie.labedelo.com\/#website","url":"https:\/\/galerie.labedelo.com\/","name":"Galerie Labedelo","description":"","publisher":{"@id":"https:\/\/galerie.labedelo.com\/#organization"},"potentialAction":[{"@type":"SearchAction","target":{"@type":"EntryPoint","urlTemplate":"https:\/\/galerie.labedelo.com\/?s={search_term_string}"},"query-input":{"@type":"PropertyValueSpecification","valueRequired":true,"valueName":"search_term_string"}}],"inLanguage":"en-US"},{"@type":"Organization","@id":"https:\/\/galerie.labedelo.com\/#organization","name":"Galerie Labedelo - Genevieve Nicholl","url":"https:\/\/galerie.labedelo.com\/","logo":{"@type":"ImageObject","inLanguage":"en-US","@id":"https:\/\/galerie.labedelo.com\/#\/schema\/logo\/image\/","url":"https:\/\/galerie.labedelo.com\/wp-content\/uploads\/2025\/07\/labedelo-logo.jpg","contentUrl":"https:\/\/galerie.labedelo.com\/wp-content\/uploads\/2025\/07\/labedelo-logo.jpg","width":1000,"height":1000,"caption":"Galerie Labedelo - Genevieve Nicholl"},"image":{"@id":"https:\/\/galerie.labedelo.com\/#\/schema\/logo\/image\/"}}]}},"_links":{"self":[{"href":"https:\/\/galerie.labedelo.com\/index.php\/wp-json\/wp\/v2\/pages\/10","targetHints":{"allow":["GET"]}}],"collection":[{"href":"https:\/\/galerie.labedelo.com\/index.php\/wp-json\/wp\/v2\/pages"}],"about":[{"href":"https:\/\/galerie.labedelo.com\/index.php\/wp-json\/wp\/v2\/types\/page"}],"author":[{"embeddable":true,"href":"https:\/\/galerie.labedelo.com\/index.php\/wp-json\/wp\/v2\/users\/2"}],"replies":[{"embeddable":true,"href":"https:\/\/galerie.labedelo.com\/index.php\/wp-json\/wp\/v2\/comments?post=10"}],"version-history":[{"count":7,"href":"https:\/\/galerie.labedelo.com\/index.php\/wp-json\/wp\/v2\/pages\/10\/revisions"}],"predecessor-version":[{"id":26,"href":"https:\/\/galerie.labedelo.com\/index.php\/wp-json\/wp\/v2\/pages\/10\/revisions\/26"}],"wp:attachment":[{"href":"https:\/\/galerie.labedelo.com\/index.php\/wp-json\/wp\/v2\/media?parent=10"}],"curies":[{"name":"wp","href":"https:\/\/api.w.org\/{rel}","templated":true}]}}